072 = 12*z. Is z a multiple of 22?
False
Let i(l) = -l**2 - 10*l - 11. Is i(-8) even?
False
Let r(w) = -w**2 + 4*w + 1. Suppose 0*d - 6 = -2*d. Let j be r(d). Is 16 a factor of (-5*j)/((-2)/2)?
False
Suppose -4*x + 0 = 4. Let y = x - -1. Suppose f + 2*u - 12 = y, 4*f = -5*u + 43 + 2. Does 9 divide f?
False
Let z be (4/(-3))/(4/12). Is 10 a factor of 22 + (2 - z/(-1))?
True
Let b = 104 - 165. Let t = b + 151. Suppose 2*u - t = -u. Does 15 divide u?
True
Let g(m) = m**2 - 7*m. Let i be g(8). Let y be (-3 - -2)*2 + i. Does 13 divide (-4 + 28)*8/y?
False
Let i = 15 - 11. Let l(t) = t - 3. Let p be l(i). Is 10 a factor of 1/((-2)/(-42)) - p?
True
Suppose -60 - 4 = -4*j. Is j a multiple of 4?
True
Let g(r) = -r**3 - 4*r**2 + r + 1. Let j be g(-5). Suppose -3 = -2*o - 7, -d + o = -j. Does 8 divide d?
False
Let l(u) be the first derivative of -u**4/4 - u**2/2 - 2*u + 3. Is 14 a factor of l(-3)?
True
Let x(z) = z**3 + 5*z**2 + 4*z + 1. Let k be x(-4). Let p = 22 - 37. Let a = k - p. Is a a multiple of 9?
False
Let h(i) be the second derivative of -i**4/12 + 2*i**3 - i**2 - i. Does 9 divide h(11)?
True
Suppose 0 = -0*a + 3*a. Let u = a - -6. Is 4 a factor of u?
False
Suppose -5*w = -5*u - 5, w - 6*w = 2*u - 19. Suppose -15 = w*o - 4*o. Does 15 divide o?
True
Let d be (-1504)/(-36) - (-4)/18. Let a = 5 + d. Does 12 divide a?
False
Let u(a) = a**2 - 4*a - 7. Let x be u(5). Let f be (-70)/(-15) + x/(-6). Suppose 0 = -f*o + 29 + 11. Is 5 a factor of o?
False
Let l(m) = -m**3 + 1. Let w(v) = 3*v**3 + v**2 - v - 3. Let n(f) = -5*l(f) - 2*w(f). Is n(-3) a multiple of 2?
True
Let j = -10 + 34. Let u = j + -40. Let c = 33 + u. Does 10 divide c?
False
Suppose 0 = 2*t + 4 - 14. Suppose -2*a - 11 = -t*i, 0 = 2*a - 0*i + 3*i - 29. Let u(r) = r**3 - 7*r**2 + 3*r + 5. Does 13 divide u(a)?
True
Let p(a) = -7*a + 2. Let f be p(2). Suppose 4*c - 109 = -k, c + k + 3 = 28. Let v = f + c. Is v a multiple of 6?
False
Let f(a) = 11*a**2 + a + 2. Let i(n) = n**3 + 4*n**2 - 5*n - 1. Let j be i(-5). Is 6 a factor of f(j)?
True
Let y(z) = 2*z**3 - 7. Does 15 divide y(4)?
False
Let h be (-1)/2*2*-3. Suppose 2*s = h*s - 19. Is s a multiple of 13?
False
Is 5 a factor of (6/3)/((-2)/(-7))?
False
Let k = 70 - 39. Suppose u + 12 = 3*b, 3*b = -u - 2*u + 24. Is (1 - u - k)*-1 a multiple of 11?
True
Let l be 78/(-10) - (-4)/(-20). Let h(v) = 8*v**2 + 0*v**2 + v + v**3 - 3*v - 9. Is 7 a factor of h(l)?
True
Suppose p - 202 = -2*t, p - 5*t = 3*p - 406. Does 33 divide p?
True
Let u(h) = 4*h**2 + 6. Is u(-3) a multiple of 15?
False
Suppose 0 = -2*a + 26 + 6. Suppose 2*g = 5*d - 3*g - 40, 3*d = g + a. Suppose -2*f - 2 - 6 = 0, 0 = d*t + 4*f - 48. Is 16 a factor of t?
True
Let y = 0 - 0. Suppose y = -0*s - 2*s + 54. Is s a multiple of 10?
False
Let h be (6/4 + -2)*-166. Let q(g) = g + 2. Let j be q(2). Suppose -h = -j*z - 15. Is z a multiple of 9?
False
Let g be (0 + -2 + 20)/2. Is 11 a factor of g - -1 - (1 + -2)?
True
Let j be ((-9)/(-15))/(3/15). Let s = j + -1. Is 2 a factor of s?
True
Is 20 a factor of (-222)/(-7) + 10/35?
False
Suppose 5*j - 5 = 5. Let w = j - 0. Is w even?
True
Let y(l) = l**3 - 5*l**2 - 6*l + 8. Let x be (-43)/(-9) - (-4)/18. Let t = 1 + x. Does 7 divide y(t)?
False
Let k = -11 + 11. Is 22 a factor of (k - 3) + 1 + 71?
False
Let c be (-3*1)/((-3)/6). Let f = -2 + c. Is f a multiple of 3?
False
Let w(k) = -k**3 + 7*k**2 - 2*k - 10. Let c be w(6). Let v(g) = g**2 - 11*g + 12. Is v(c) a multiple of 18?
True
Suppose -57 = -f - 14. Does 40 divide f?
False
Let q(t) = 3*t**3 - t**2 + 6*t - 4. Let c(h) = 4*h**3 + 7*h - 4. Let r = 0 - -3. Let i(b) = r*q(b) - 2*c(b). Does 12 divide i(4)?
False
Suppose 153 = 3*o - 18. Is 19 a factor of o?
True
Let z = 55 + 83. Does 12 divide z?
False
Let g be (1 + 0)/((-2)/(-6)). Suppose -i - 3*i - g*a = 0, 0 = -3*i + 3*a + 21. Is i even?
False
Let t(v) = 0*v + 2*v - v**2 + 2 - 3 - v + 5*v**3. Let d be t(1). Suppose 48 = d*p - 12. Is p a multiple of 15?
True
Let d(g) = -g**3 + 3*g**2 - g + 4. Let u be d(3). Let s be 1*(-2 + u) + 1. Suppose s = 5*y - y - 68. Is y a multiple of 12?
False
Let w = 59 - 23. Does 9 divide w?
True
Suppose 2*c - 4*i - i = 5, -5*i = 5. Suppose -3*f - 34 + 9 = -2*k, -k - 19 = 2*f. Let r = c - f. Is r a multiple of 6?
False
Let x(a) be the first derivative of 6*a**3 - 5*a**2/2 + 4*a - 3. Is x(2) a multiple of 22?
True
Suppose 5*m + 0*m - 130 = 0. Suppose 94 = 4*s + 5*i - 151, 0 = -s - 5*i + 65. Let b = s - m. Does 17 divide b?
True
Let u(o) be the first derivative of o**3/3 - o**2 - o + 6. Suppose -3*q + 30 = 2*q. Does 15 divide u(q)?
False
Let y = -47 - -20. Does 4 divide (38/3)/((-18)/y)?
False
Suppose -3 = -4*l - 3*f - 8, 1 = l + 3*f. Let k(t) = 4*t + 9. Let m(x) = 3*x + 10. Let o(i) = l*k(i) + 3*m(i). Is 7 a factor of o(0)?
False
Let n be 3932/(-8) - (-2)/4. Let m = 350 + n. Is (-2)/10 - m/5 a multiple of 9?
False
Let q(w) = w**3 - 3*w**2 - 4*w - 4. Let y be q(5). Suppose 4*k = -y + 266. Is k a multiple of 12?
True
Let q(h) = h**2 + 7*h - 16. Does 26 divide q(-15)?
True
Let h(w) = -w**3 + 7*w**2 + 4*w + 11. Let k be h(8). Let f = 40 + k. Is f a multiple of 19?
True
Let u(n) = -12*n - 43. Is u(-17) a multiple of 24?
False
Let h(z) be the third derivative of 31*z**5/60 - z**4/24 - z**2. Is h(1) a multiple of 15?
True
Suppose t + t + 16 = -3*q, 4*t - 4*q = 8. Let r = t + 11. Is r a multiple of 2?
False
Let n be -3 + (-1 - -2) + 0. Is 7 a factor of n*1*(-14)/4?
True
Let t(q) = -q**3 - q**2 - 1. Let w(n) = 2*n**3 - 4*n**2 + 2*n + 11. Let d(s) = -3*t(s) - w(s). Let z(p) = p**2 + 7*p + 3. Let i be z(-5). Is 5 a factor of d(i)?
False
Let i(b) = -b**3 + 17*b**2 + 17*b - 20. Does 34 divide i(17)?
False
Let t = -73 - -84. Is t a multiple of 2?
False
Let h be (24/15)/(2/5). Suppose -3*f = h*t - f - 308, f - 304 = -4*t. Suppose -9 = 3*s - t. Does 11 divide s?
True
Suppose -5*n = 3*p - 13, 5*p = 3*n - 0*p - 1. Is 3 a factor of 3/(-3) + n - -7?
False
Let t(o) = 11*o**3 + 6*o**2 - 8*o - 2. Is t(2) a multiple of 3?
False
Let o = -5 + 3. Let c be o/(-1*(-2)/(-34)). Suppose -6 = -4*i + c. Is i a multiple of 4?
False
Let s be 1 - -2 - -45*1. Let w = -26 + s. Does 11 divide w?
True
Suppose 0*r - 2*n - 32 = -5*r, 0 = -3*r - 2*n + 16. Is r a multiple of 3?
True
Let i be 2 - 0/(3 - 5). Suppose -g + 36 + i = 0. Is 19 a factor of g?
True
Suppose 3*j - 4*j = 8. Is 2 a factor of (-6 + 2)*6/j?
False
Let z(y) = -15*y + 16. Is 9 a factor of z(-7)?
False
Suppose -t = 4*k + 3*t - 676, 5*k = 4*t + 863. Is k a multiple of 9?
True
Suppose -5*g = -5*s + 25, -g = -3*s - 4*g - 9. Suppose -2*r - s = -13. Is r a multiple of 3?
True
Let n(t) = -t**2 - t + 8. Let u be n(0). Suppose 4*v - u = 0, 4*h + v = 6*v + 30. Does 8 divide h?
False
Suppose p = -2*p. Suppose 3*i = -g - 5, -5*g - 3*i - 2 = -13. Suppose -d = g*x - 15, -2*d + 3*x + p = -8. Is 6 a factor of d?
False
Suppose 4 = 3*h + 4*y, 2*h - y = 3*h - 1. Suppose h = -2*j + 24 + 10. Suppose -4*r + x + j = -2*r, -r + 26 = 3*x. Is r a multiple of 5?
False
Suppose 0 = 2*l - 3*x + 82, l - 191 = 6*l - 4*x. Let d = -18 - l. Let i = -5 + d. Does 12 divide i?
True
Let y be (-18)/27 + 8/3. Let s(l) = 6*l**3 - l**2 - 2. Is 8 a factor of s(y)?
False
Suppose 3*g - g = 0. Suppose g = 4*h + 26 - 154. Is 16 a factor of h?
True
Suppose 0 = -m + 2 + 2. Let j(v) = -v**2 + 6*v - 5. Let s be j(m). Let p = 10 + s. Does 13 divide p?
True
Does 17 divide (4 + -5)*19*-3?
False
Suppose 2*r = -4*j + 3*j + 19, 0 = 3*j + 3*r - 45. Is j a multiple of 3?
False
Is ((-6)/(-9))/((-2)/(-39)) a multiple of 4?
False
Let b(w) = -w**3 - w - 1. Let i be b(-1). Suppose -2*m + 9 = -i. Is 5 a factor of m?
True
Let g = 397 + -263. Is g a multiple of 23?
False
Suppose t + 4*b + b + 36 = 0, -t + 2*b - 8 = 0. Let n be (6/(-2))/((-12)/t). Is (-2 - (-9)/(-4))*n a multiple of 10?
False
Let n = -4 + 8. Suppose 204 = n*f - 0*f. Is f a multiple of 17?
True
Let z(v) = -v**3 - 17*v**2 + 7*v - 28. Is 31 a factor of z(-18)?
False
Let a = 5 - 3. Suppose 2*p - 16 = -a*p. Suppose 52 = r + p*z, 0 = -3*r - 5*z - 61 + 217. Is 26 a factor of r?
True
Suppose g = 1, 289 = 4*f - 3*g - 380. Is 14 a factor of ((-6)/9)/((-4)/f)?
True
Let a be 1/3 - (-4)/6. Is (41 + a)*(-8)/(-12) a multiple of 14?
True
Let f = 5 - 3. Suppose 2*l - 3*i = 2, i - f = 4*l + 4. Does 5 divide 50/5*